6 + (52 - (27 + -27 + 17))
-91
Evaluate -5 - (8 - 44 - (-123 + 100)).
8
What is the value of -69 + 1 + 14 + (-24 - -51 - 32)?
-59
What is the value of (101 - (27 + 75)) + (-5 - 0 - 19)?
-25
Evaluate -20 - (-4 + 3 - ((5 - 2) + -72)).
-88
Calculate -107 + 94 - (45 - (21 - 29)).
-66
(25 - -74) + -58 - -56
97
Calculate -9 + 4 + -5 + -32 + 27 + -23.
-38
What is -4 - (-60 + -8 - -41)?
23
30 + -16 - ((21 - -5) + -29 - (-1 - -56))
72
What is (2 - 15) + (15 - ((-11 - 4) + 15))?
2
(6 - (-9 - -16)) + -26 - (-4 + 15 - 2)
-36
What is 45 + -8 + (1 - -3) + -4 - (70 + -65)?
32
Calculate (3 - -49 - -59) + -159.
-48
What is 87 + -59 - 6 - (71 - -1)?
-50
What is the value of -20 + 83 - 18 - (149 + -23)?
-81
What is (-9 - (-10 + -5)) + -2 + 57 + 29 + -31?
59
Evaluate (95 - ((-2 - 5) + 2)) + (-6 - (20 - 11)).
85
What is the value of (-22 - 0) + 1 - (-4580 - -4473)?
86
Evaluate (670 - 576) + (-5 - 157).
-68
What is 14 + (136 - 60 - 171)?
-81
What is the value of (-338 - -275) + (2 - 18 - -11) + -1 + 13?
-56
(-15 + (15 - -46) - (-4 + -5 - -6)) + 0
49
What is the value of (3 - 19) + (2 - -1) + -2 + -1 + 2?
-14
Calculate -8 - (-13 + 21 + (-23 - -15) - 53).
45
What is the value of 14 - (1 - (-8 + 10)) - (10 - 8 - -2)?
11
What is the value of -22 + 6 + (-7 - -35) + 12?
24
Evaluate 10 + 45 - (-451 + 468).
38
Evaluate -1900 + 1960 - (0 + 20).
40
What is the value of (-11 - -20 - 9) + -1 + -5 + 40 + -29?
5
What is the value of 54 + -57 + -59 - (2 + -3 - 12)?
-49
-14 + 1 + (-10 + 0 - (23 + -59 + 29))
-16
What is -1 + -57 + 57 + 28?
27
Calculate (17 + -40 - -59) + -9 - -6.
33
(-83 - -67) + -8 + -8 + -1
-33
-64 + (-40 - (-9 - 9)) + -1
-87
What is the value of (-30 - -65 - 60) + 10 + -6 + 4 + -1?
-18
What is the value of (108 - 161 - -25) + (-4 - 23)?
-55
Evaluate 16 - (41 + -128 - -45).
58
Evaluate -21 - 2 - (-14 - (-19 - (8 - 23))).
-13
What is the value of -26 + 33 + 28 + -28?
7
Evaluate -13 + (-14 - 0) + (-394 - -395).
-26
What is the value of (-191 - (4 - 232)) + (1 - 67)?
-29
What is (104 - 87) + -14 + (119 - (-3 - (-7 + 4)))?
122
What is 48 + 2 - (-1395 - -1436)?
9
Evaluate 21 - (4 + 0) - (-20 - -13 - 30).
54
52 - ((-12 - -4) + (22 - 11))
49
What is -2 + -23 + (-51 - -12) + 24 + 1?
-39
Evaluate (10 - 21) + 24 + -2 - (-4 - (-1 - -2)).
16
Calculate -2543 - -2536 - (142 + (-1 - -1 - 2)) - -5.
-142
73 + (74 + -279 - -36)
-96
What is 15 - 12 - (-154 + 132)?
25
Evaluate -35 - (-21 - (-14 - -13)).
-15
Calculate 20 + (2 - 37) + -23.
-38
Evaluate -33 - -71 - (13 + 37).
-12
69 + -59 + -11 + 40 + 41
80
What is the value of 4 + (30 - 26) + (-12 - 4)?
-8
94 + 6 + -169 + 111
42
What is the value of -5 + -3 + (0 - 68) - (-18 - (-55 + 36))?
-77
What is the value of 87 + (42 - (154 - 74))?
49
Calculate (14 - ((-31 - -34) + (-11 - -1)) - 3) + -6.
12
What is the value of (-35 - 8) + 19 + -29 + 34?
-19
What is (-101 - (-4 - 36)) + (1 - (-2 - -15))?
-73
Calculate 8 - 0 - (32 + (11 - -21) - 29).
-27
(7 - ((16 - 30) + 0)) + -31
-10
Evaluate -24 - (-22 + -78 + 39).
37
Evaluate 40 + (-44 - -35) + -17 + (-8 - 1).
5
Calculate ((15 - 1) + 16 - 55) + 15.
-10
Evaluate -453 + 413 - (-10 - 0).
-30
Calculate -4 + -4 + -2 - (3 + (7 - 6)) - -77.
63
What is the value of (20 - 11) + -27 - (-2 - 3) - 33?
-46
Calculate (-46 - (39 + -113) - 58) + -44.
-74
What is the value of (799 - 823 - (-109 - 0)) + (-4 - -1)?
82
What is (2 + -14 - 38) + -10 + (-2 - 5)?
-67
(-4 + 4 - 14) + 36 + -55
-33
Evaluate 11 - ((-6 + -17 - -10) + 17).
7
What is 21 + 0 + 1480 + -1491 + -4 + -1 - -4?
9
What is the value of 7 + 3 - (37 + -5 + -3 - -18)?
-37
What is the value of 0 + -6 + 9 - (10 - (-8 - 0 - 52))?
-67
What is the value of 10 - 48 - (101 - 111)?
-28
Evaluate (0 + -11 - (-70 + 2 - (-95 - -70))) + 7.
39
(105 - 14) + 51 + -66 + (4 - -3) + 10
93
What is 18799 + -18717 - (-1 - -7)?
76
(-395 - -408) + 2 + -25 - ((1 - -57) + 0)
-68
17 - (-13 + 29 + 21 - -7)
-27
What is (-1059 - -1064) + -1 + 0 + 38?
42
What is (-130 - -122) + (0 - (-17 + 3)) - -28?
34
-13 + (-15 - (15 + -20 - 103)) + (-4 - -6)
82
154 + -361 + 209 - (1 + 0 + -4)
5
What is the value of (-21 - (-63 - -29) - (-2 + -90)) + 15?
120
105 + -31 - (9 + -7 - 10)
82
What is 11 - 4 - (91 - (16 + 8))?
-60
What is 6 + -75 + 65 - -6?
2
What is the value of -2 - (-67 + 37 - -9)?
19
Evaluate -13 - (1 - (-4 + 0 - (2 - 14))) - -34.
28
Evaluate (30 - 23 - 32) + 12 - -26.
13
(3093 - 3108) + (43 - 2)
26
Calculate (6 - -41) + 10 - 31 - 63.
-37
Evaluate (55 - 49) + (2 - 63) - -4.
-51
What is the value of 32 + (-3 - (11 - (-30 - -12)) - -23)?
23
-12 + (-12 - (-4 + -13)) - (-19 + 0 - 4)
16
(1900 - 1804) + (-2 - -3 - (-2 + -1))
100
Calculate 0 + 20 + (159 + -125 - 105).
-51
What is 1 + (-7 + 0 + 3 - -3) + (107 - 113)?
-6
Calculate -352 - -348 - ((0 - (-5 + -36)) + 2).
-47
23 + (22 - 1) - ((-7 - -4) + -2)
49
Calculate (140 - 68) + 31 - 33.
70
What is 0 + (32 + -30 - (1 + 6)) - (-274 - -188)?
81
What is the value of 72 + (-23 - 19) - (149 - 3)?
-116
Calculate (3 - 12) + 11 + -82 + 70.
-10
What is the value of 3 + 0 - ((129 - 36) + -72)?
-18
What is the value of (-12 - (4 - 6 - -1)) + (-14 - (-43 + 70))?
-52
Evaluate (-50 - (-42 + 19 + -16)) + 13 + 2.
4
-34 - (-5407 + 5415 - (-2 + (-2 + 1 - -1)))
-44
What is 36 - (-32 + (120 - 48)) - (1 + 68)?
-73
Calculate (-62 - -16) + 18 + -21 + 21.
-28
What is 0 - -41 - (-237 - -263)?
15
(-2 - -19 - (27 - 36)) + -72
-46
What is the value of -21 - (-27 - -1) - (63 - (2 - -8 - 2))?
-50
-91 - (89 + -107 + 30)
-103
Evaluate -104 + 71 + 64 + -7 - -22.
46
What is the value of 28 + 28 + -61 - -50?
45
Calculate 44 + (-1 - 1) + (-39 + -4 - -39).
38
What is (24 - (14 - (39 + -51))) + -1?
-3
What is (-111 + 32 - (8 - 1)) + (-12 - -23) - -8?
-67
-6 - ((-76 - -30 - (-28 + -12)) + 69 + 1)
-70
What is -297 + 315 - (6 - (4 + 1))?
17
What is the value of 14 - ((64 - (9 + 2) - -2) + (7 - 0))?
-48
What is the value of -16 + 2 + -9 + -10 + 39?
6
What is the value of -1 + 23 + 3388 + -3392?
18
-7 + -118 + (-7 - (-5 - 17)) - (-1 - -1)
-110
Calculate 46 + -37 + -50 + -10 + -4.
-55
What is 68 + (5 - 71) + -49?
-47
What is 0 + (16 - 20) + 2 + 2?
0
66 - (118 + (-33 - -25))
-44
Calculate 95 + (-65 - -23 - 56).
-3
Evaluate (24 - -6 - -6) + -53 + -3 + -49.
-69
Calculate (12 - -1) + -26 + (20 - 31 - -17).
-7
-10 + -24 + (9 - 0 - (-9 - (-47 + 37)))
-26
What is the value of (-1173 - -1183) + (3 - (-3 + (-3 - (3 + -71))))?
-49
Calculate 37 + (28 - (-16 + 69)) + -26.
-14
What is the value of 0 - (95 + -35) - -12?
-48
What is the value of (-126 + (3 - -2) - (6 + -10)) + 357 + -342?
-102
What is (5 + -8 - (1 + 2)) + (215 - 216)?
-7
What is (-20 - -10) + 6 - -5 - (60 + -17)?
-42
-27 + 7 - (29 + 8 + -34)
-23
What is 100 - (9 - (23 - (27 + 15)))?
72
Evaluate 4 + -6 + 3 - (23 - 54 - -38).
-6
23 + (12 - 22) + -17
-4
What is (1 - (-13 + 9 + 67)) + 13 - -20?
-29
What is the value of -68 - -11 - (0 + 0 - 17)?
-40
(3 - -5) + (-4 - -3) + 5 + 107 + -11
108
-101 + 79 - (0 + -19 - 1)
-2
What is 105 + -2 + -82 - (0 - -78)?
-57
What is the value of -72 + 21 - -5 - -20?
-26
What is the value of -49 + (8 - 38) + 52?
-27
Calculate (113 - -75 - 64) + -90.
34
What is 3 - (-18 + 8 + -1 - -22 - 4)?
-4
Calculate 109 - ((-45 - 10) + 39 - (-23 + -2)).
100
What is -102 + (58 - (15 + 6))?
-65
What is the value of (5 - 36) + 20 + 14 + -14?
-11
(-53 - 1 - (-253 - -243)) + 13 + -5
-36
-12 + -10 + 31 + -19 + 1 + -95 + 8
-96
What is the value of -174 - ((27 - 132) + 18)?
-87
Calculate (32 + (-16 - 44) - -52) + 46.
70
48 + -48 + -87 + 46
-41
Calculate 4 + -12 - (-3 + -83 - (97 - 80)).
95
What is -21 - -21 - (23 + -4)?
-19
What is 5 - (4 - 47) - (336 + -331)?
43
(-11 - (8 - 5 - 4)) + (27 - (-12 + -2))
31
Calculate (5 + 5 - (33 - 15)) + (-3 - -1 - 35).
-45
What is the value of -1803 - -1739 - (1 + 15)?
-80
Calculate -4 - -24 - -81 - (8 + 1) - 16.
76
What is the value of 4 + -41 + 270 + -194?
39
What is the value of 14 - 2 - (-13 + (20 + -8 - -75) - -9)?
-71
(0 + (-17 - -13) - -38) + -14
20
What is -6 + (141 - 8) - (32 - (-46 - -75))?
124
What is (-2 - -1) + 13 - ((-1 - 64) + 2349 + -2319)?
47
-7 + 3 + 10 + 2 - (197 - 198)
9
(1 - (-2 - -20)) + 21 - 103
-99
Evaluate 15 + 83 - -12 - (-34 + (32 - 20)).
132
(1 + -8 - (-95 - -122)) + 4 - (4 + -11)
-23
What is the value of 17 - (10 - 9 - 14) - (4 + -8)?
34
63 + 1 - (-40 - (34 +